vided by 1482?
394
Calculate the remainder when 16627229 is divided by 4.
1
What is the remainder when 7099386 is divided by 996?
894
Calculate the remainder when 992062 is divided by 36725.
487
Calculate the remainder when 72864 is divided by 295.
294
Calculate the remainder when 108852 is divided by 54070.
712
Calculate the remainder when 8704955 is divided by 3482.
3437
What is the remainder when 30720115 is divided by 218?
209
Calculate the remainder when 1130694 is divided by 1150.
244
Calculate the remainder when 98048639 is divided by 5583.
5576
Calculate the remainder when 2124878 is divided by 1611.
1580
What is the remainder when 19050919 is divided by 1330?
1329
Calculate the remainder when 7044227 is divided by 9.
8
What is the remainder when 116700 is divided by 11496?
1740
Calculate the remainder when 391491536 is divided by 30.
26
What is the remainder when 66610 is divided by 32520?
1570
Calculate the remainder when 14476 is divided by 685.
91
Calculate the remainder when 120886 is divided by 6709.
124
What is the remainder when 311199 is divided by 3617?
137
Calculate the remainder when 56776967 is divided by 12.
11
Calculate the remainder when 387375 is divided by 3123.
123
What is the remainder when 63323483 is divided by 114?
17
Calculate the remainder when 12100220 is divided by 48.
44
Calculate the remainder when 933468 is divided by 289.
287
What is the remainder when 2230035 is divided by 5348?
5267
Calculate the remainder when 481877 is divided by 48.
5
Calculate the remainder when 505216 is divided by 83677.
3154
Calculate the remainder when 17282784 is divided by 141.
132
What is the remainder when 1076180 is divided by 470?
350
What is the remainder when 1027426 is divided by 128423?
42
Calculate the remainder when 529210760 is divided by 38.
36
Calculate the remainder when 142200537 is divided by 180.
177
What is the remainder when 2270829 is divided by 165?
99
What is the remainder when 22285381 is divided by 245?
181
Calculate the remainder when 42187387 is divided by 313.
308
Calculate the remainder when 16488232 is divided by 3886.
3820
What is the remainder when 13155703 is divided by 1849?
68
Calculate the remainder when 75318 is divided by 12355.
1188
Calculate the remainder when 707374 is divided by 1398.
1384
Calculate the remainder when 23187 is divided by 20531.
2656
What is the remainder when 424137 is divided by 4?
1
What is the remainder when 614067 is divided by 102343?
9
What is the remainder when 2270463 is divided by 395?
3
What is the remainder when 468137 is divided by 15101?
6
Calculate the remainder when 18714205 is divided by 153395.
15
What is the remainder when 117774 is divided by 1996?
10
What is the remainder when 414331 is divided by 684?
511
Calculate the remainder when 132498501 is divided by 9.
6
What is the remainder when 335529 is divided by 562?
15
What is the remainder when 53394378 is divided by 274?
272
What is the remainder when 686323 is divided by 175?
148
What is the remainder when 4589663 is divided by 181?
46
Calculate the remainder when 20858191 is divided by 31.
27
What is the remainder when 12087 is divided by 2425?
2387
Calculate the remainder when 38364 is divided by 77.
18
What is the remainder when 42802 is divided by 870?
172
What is the remainder when 208892 is divided by 758?
442
What is the remainder when 813656 is divided by 39?
38
Calculate the remainder when 52239112 is divided by 26119515.
82
What is the remainder when 186006548 is divided by 962?
0
Calculate the remainder when 25305543 is divided by 88.
87
What is the remainder when 5782315 is divided by 80?
75
What is the remainder when 649856 is divided by 2742?
2
What is the remainder when 774936 is divided by 253?
250
What is the remainder when 1410053 is divided by 704962?
129
What is the remainder when 456274 is divided by 21725?
49
Calculate the remainder when 6938987 is divided by 3375.
3362
Calculate the remainder when 2213879 is divided by 38.
37
Calculate the remainder when 2012285 is divided by 15970.
65
Calculate the remainder when 3385480 is divided by 125.
105
What is the remainder when 1600182 is divided by 2493?
2169
What is the remainder when 1392570 is divided by 13?
10
Calculate the remainder when 1449218 is divided by 439.
79
Calculate the remainder when 1011584 is divided by 668.
232
Calculate the remainder when 85418 is divided by 2389.
1803
Calculate the remainder when 55216 is divided by 1370.
416
Calculate the remainder when 1057780 is divided by 3245.
3155
Calculate the remainder when 9011817 is divided by 1131.
9
What is the remainder when 160481 is divided by 2262?
2141
What is the remainder when 301144 is divided by 167?
43
Calculate the remainder when 1297846 is divided by 1297817.
29
What is the remainder when 243189 is divided by 90?
9
What is the remainder when 1201435 is divided by 600538?
359
Calculate the remainder when 159941 is divided by 83.
0
What is the remainder when 279880 is divided by 660?
40
What is the remainder when 41544036 is divided by 354?
12
Calculate the remainder when 4042571 is divided by 1431.
1427
Calculate the remainder when 692982 is divided by 498.
264
What is the remainder when 5705631 is divided by 1901853?
72
What is the remainder when 263745 is divided by 87668?
741
What is the remainder when 453696 is divided by 247?
204
What is the remainder when 9756291 is divided by 686?
685
Calculate the remainder when 2179789 is divided by 1089519.
751
Calculate the remainder when 217960 is divided by 15543.
358
What is the remainder when 8814763 is divided by 56?
27
What is the remainder when 585595 is divided by 298?
25
What is the remainder when 10612344 is divided by 530617?
4
What is the remainder when 167179 is divided by 5958?
355
Calculate the remainder when 18581 is divided by 150.
131
What is the remainder when 417081 is divided by 4134?
3681
Calculate the remainder when 126842 is divided by 1899.
1508
Calculate the remainder when 16398053 is divided by 17785.
283
What is the remainder when 375983 is divided by 23434?
1039
What is the remainder when 6477098 is divided by 102?
98
What is the remainder when 50062756 is divided by 107?
24
Calculate the remainder when 5370158 is divided by 24.
14
What is the remainder when 274835 is divided by 230?
215
Calculate the remainder when 466886486 is divided by 901.
900
Calculate the remainder when 43688102 is divided by 2080384.
38
What is the remainder when 9538 is divided by 2707?
1417
Calculate the remainder when 9887742 is divided by 902.
18
Calculate the remainder when 266087 is divided by 133035.
17
What is the remainder when 1802233 is divided by 9289?
167
Calculate the remainder when 5213225 is divided by 46.
45
What is the remainder when 8226577 is divided by 822657?
7
What is the remainder when 1630227 is divided by 513?
426
Calculate the remainder when 803419 is divided by 14095.
4
What is the remainder when 7051023 is divided by 5091?
5079
Calculate the remainder when 8660208 is divided by 5952.
48
Calculate the remainder when 85135039 is divided by 1925.
1914
Calculate the remainder when 43076467 is divided by 286.
5
Calculate the remainder when 118137 is divided by 445.
212
Calculate the remainder when 125748 is divided by 125693.
55
Calculate the remainder when 366037 is divided by 75.
37
Calculate the remainder when 327328639 is divided by 759.
22
What is the remainder when 1742099 is divided by 19?
8
Calculate the remainder when 1913192 is divided by 105.
92
Calculate the remainder when 17857352 is divided by 3571436.
172
Calculate the remainder when 251502 is divided by 83834.
0
What is the remainder when 458999 is divided by 500?
499
Calculate the remainder when 55364024 is divided by 4018.
2
Calculate the remainder when 200527 is divided by 4405.
2302
What is the remainder when 479216 is divided by 20834?
34
What is the remainder when 17923 is divided by 148?
15
What is the remainder when 19553 is divided by 5946?
1715
Calculate the remainder when 9571876 is divided by 7627.
7618
Calculate the remainder when 26662 is divided by 2902.
544
Calculate the remainder when 5731231 is divided by 580.
251
What is the remainder when 37201 is divided by 18137?
927
What is the remainder wh